 -5) + -2
3
Evaluate -9 + 12 - (1 - 0) - 4.
-2
What is (-2 - -3 - 2 - 0) + 0?
-1
What is the value of (-1 - 1) + (1 - -8)?
7
What is the value of -9 + 7 + 2 + -7?
-7
What is -15 - (-2 - (0 + 4))?
-9
5 + 1 + 9 + -10
5
What is -7 + (6 + -3 + -1 - 3)?
-8
Evaluate 2 - 2 - (3 + -1 + -1).
-1
What is the value of 3 - (1 + -5 - (13 - 15))?
5
Calculate 84 - 83 - (1 + -4) - -2.
6
1 + 3 - (22 - 10 - 15)
7
What is the value of -3 + -5 + (5 - -4) + 1?
2
5 + 2 + -4 - (-26 + 31)
-2
What is the value of 2 + -9 + 7 + (-9 - 0)?
-9
-6 - (1 - 6) - -5
4
Evaluate 12 + -6 + (-4 - 2).
0
Calculate -5 + (7 - 9) + 3 - 5.
-9
What is the value of -18 - -8 - (-1 + -5)?
-4
What is the value of 0 - (-3 - (1 + (-7 - -3)))?
0
What is the value of -1 + 1 - (-6 + 1)?
5
What is the value of -13 + 1 + 1 + -155 + 161?
-5
What is the value of (-5 - (-10 + 5)) + 0 + -1?
-1
Evaluate -4 - (-1 - 9) - 1.
5
Evaluate 1 - 7 - (-31 - -19).
6
What is -3 - -7 - 9 - -4 - 0?
-1
3 + -4 + -4 + 0 - -9
4
-4 + -5 + 0 - -6
-3
Evaluate -12 + 5 + 7 + 5.
5
What is 5 - (1 - (-2 + (7 - 6)))?
3
What is 0 + 2 - (-7 + 14)?
-5
Evaluate -2 + 2 + -2 + (2 - 1).
-1
Calculate (2 + -11 - -4) + 2.
-3
18 + -13 - (3 - (0 - 0))
2
Evaluate 2 + (-1 - (2 + (-2 - 2))).
3
Evaluate 1 + 0 + (-8 - -11).
4
Calculate 1 + (-2 - -3) - -1 - 2.
1
Evaluate (1 + -3 - (2 + -7)) + -6.
-3
What is the value of 16 + 5 + 2 + -17?
6
10 - (21 + (-5 - -2))
-8
What is the value of -2 + (-5 - 3 - (-2 - 2))?
-6
What is (1 - 3) + (15 - 14)?
-1
What is 4 + 0 + 7 - (-2 - -3)?
10
Calculate -80 + 85 + (-12 - (-1 - 0)).
-6
-11 + 12 - (2 + 2) - -4
1
Evaluate (5 - -2) + -5 - 5.
-3
Calculate 2 + -2 + -1 - (27 - 23).
-5
-5 + -2 + 3 - 1
-5
What is the value of 1 - 3 - (1 + -5 - -3)?
-1
Calculate (-4 - 6) + (4 - -1).
-5
Evaluate -5 - (4 - -2) - (-2 - -1).
-10
(0 - (-4 - 6)) + 0
10
What is the value of (-2 - (-8 + 1 - -4)) + 2?
3
What is the value of 33 - 28 - (0 - 0)?
5
(3 - (1 + 2)) + -2 + -1
-3
What is -3 - (1 - (5 - -3))?
4
-5 + (10 - 3) + -5
-3
Calculate (6 + 4 - -9) + -12.
7
What is -5 + -1 + 3 + (-3 - -11)?
5
What is the value of 5 + -1 - (1 - -4)?
-1
Calculate -2 + -6 + 5 + 3 + -6.
-6
What is -5 + ((4 - -4) + -5 - -4)?
2
What is 1 - -4 - (19 + -14)?
0
Evaluate 8 - 1 - 1 - (6 + -5).
5
Calculate -8 - -4 - (-7 - 0).
3
Evaluate (11 + 3 - 9) + -3.
2
What is the value of (-11 - -10 - (1 + 3)) + 6?
1
Calculate 3 + (4 - 3) + -8.
-4
Evaluate (-1 - (5 + -1 - 4)) + -3.
-4
What is (3 - 3) + 1 + -5 - -1?
-3
What is (-37 - -40) + (1 - (0 - -3))?
1
Calculate 1 + (1 - -5) + -10.
-3
Calculate -8 - (-3 + (4 - 8)).
-1
What is the value of 2 + 2 + -2 + 4 + -8?
-2
3 + 0 + 0 + (3 - 4)
2
What is -8 - (7 + -10 + -3)?
-2
What is 13 + (-12 - 1 - -6)?
6
What is the value of 5 - -3 - (6 + -2)?
4
Evaluate (6 - 12 - -4) + (-1 - -1).
-2
What is the value of 2 + 6 + -7 + (1 - 3)?
-1
(-2 + 7 - 12) + 4
-3
Calculate -1 + 4 + 12 + -14.
1
What is 0 - (-14 - -7 - -6)?
1
Calculate 6 + (-5 + 5 - 2) - 5.
-1
What is 2 + -2 + (-21 - -18)?
-3
0 + 5 - (4 - 0) - 7
-6
What is 74 + -53 - (2 - -10)?
9
Calculate 6 + -9 + (-7 - -7 - -3).
0
(-8 - -3 - -5) + -3
-3
-6 + 13 - (-5 - (-3 + -4))
5
Evaluate -8 + (-4 - -9) - -2.
-1
Calculate -5 - -1 - (18 + -19).
-3
Evaluate (0 - (3 + -8)) + -8.
-3
What is -14 - -19 - (1 + 8 - 2)?
-2
What is 2 - -2 - 1 - (0 - -1)?
2
-19 + 20 + 6 - (-1 - -5)
3
What is 2 + 0 + -5 + 5 + -1?
1
What is the value of -2 + -3 + 2 - (1 - 1)?
-3
What is the value of 0 + 10 + -5 + -1?
4
Calculate (1 - -2) + (-7 - 0).
-4
Evaluate 1 + 0 + -1 - (5 + -5).
0
-2 + 1 + -2 - (5 + -3)
-5
5 + 1 + -3 + -2
1
-6 - ((-6 - -9) + (-4 - 0))
-5
What is 5 - (0 - (1 - 2))?
4
Calculate 1 - (-4 + 6 - (1 - -1)).
1
What is 61 + -54 + 0 + (-1 - -2)?
8
Calculate 73 + -59 + -24 + 0.
-10
What is -3 + 15 + -3 - (4 + 0)?
5
Evaluate (5 - 2) + (1 - -3 - 1).
6
What is 0 + 7 + -10 - (-1 - 7)?
5
What is the value of -7 + 2 + (4 - 0)?
-1
What is -17 + -1 - -16 - (-10 + 1)?
7
Evaluate (4 - 2) + -4 + 0.
-2
(0 - (-1 + 9)) + 1 + 3
-4
What is the value of -9 - (52 + -71 + -1 + 4)?
7
Evaluate -7 - (-4 - 8 - -7).
-2
Calculate 0 + 6 + -7 + (5 - 3).
1
Evaluate 3 + -2 - 5 - 0.
-4
-2 - (2 + 3) - -8
1
3 - (0 + 0 + -4 - -5)
2
What is the value of -1 + (-15 - -18 - (-1 + 4))?
-1
What is 6 - (10 - -2) - -9?
3
Calculate 3 + -1 - (4 - 2).
0
What is the value of 3 + 11 - (37 + -30)?
7
-1 + 6 - (5 - 3)
3
11 + (0 - (5 + -1)) + -3
4
Evaluate 0 - -2 - (23 - 27).
6
Evaluate (-7 - 0) + (0 - -4).
-3
Calculate 7 - (-5 + 1 + -8 + 8).
11
0 - 2 - (-2 + 5)
-5
What is the value of 5 - (-4 + 4) - 11?
-6
Calculate 0 + 5 + (1 - (7 - 3)).
2
Calculate 3 - 1 - (2 - -2).
-2
What is (4 + -9 - 1) + (0 - -2)?
-4
Evaluate 13 - (11 + -17 + 16).
3
Evaluate 2 - (1 - (-3 + 1 + -1)).
-2
7 + (3 - 9) + -3
-2
Evaluate (0 - (0 - 1)) + 5 + -4.
2
What is the value of -1 - 1 - (-13 + 29 - 9)?
-9
-1 - 1 - 2 - -1
-3
What is the value of -8 + 1 + (-6 - -9)?
-4
Evaluate 3 + -3 + 5 + (0 - 8).
-3
Evaluate -1 - 1 - ((-4 - -3) + -6).
5
What is -4 - (-11 + 3 - -4)?
0
Evaluate 4 + 0 - (8 - 4).
0
Calculate -3 + 6 + -9 + -3.
-9
What is -2 - (-1 - (1 - -4))?
4
What is the value of -2 - (-1 + 2 - 1)?
-2
Calculate 38 - 32 - (-1 - -3).
4
-5 - (0 - (1 + 2 - -3))
1
(0 - 4) + 4 + 4 - 5
-1
What is 14 - 20 - (2 + -13)?
5
What is the value of 4 - (1 + -1 - (-5 - -5))?
4
Calculate -4 - (0 + 0 - (-18 - -19)).
-3
What is the value of (-1 - -8) + (-4 - 2)?
1
-7 + -1 - (80 - 80)
-8
What is -4 - (2 + -1 - -1) - 1?
-7
What is the value of -2 - -10 - 18 - (-7 - -1)?
-4
What is the value of (36 - 25) + -10 + -1?
0
What is the value of 1 - (-1 - (4 + -6))?
0
What is the value of (0 - -4) + 3 + -4?
3
What is 1 - (-7 + 7 + -8 + 5)?
4
-1 + 0 + 5 - (-1 + 7)
-2
(0 + 2 - 7) + (39 - 33)
1
What is 4 + (3 - (5 - 0)) - -3?
5
-7 + (2 - 2 - (-13 + 8))
-2
Calculate -3 + 2 + 1 + -1.
-1
1 + -6 - (-1 - 2) - -5
3
What is the value of (-8 - -7) + (0 - 1 - 2)?
-4
What is the value of -4 - -2 - (-6 - -9 - 7)?
2
What is the value of 4 + 2 - 3 - 2 - 0?
1
What is 1 + -1 - (2 - 1)?
-1
Calculate -8 - (-17 + 1 - -7).
1
Evaluate 0 - 2 - (-2 + -6 + 7).
-1
Calculate -1 + 0 + -3 + -3 + 3.
-4
What is the value of 4 + 6 + 2 + -13 - 7?
-8
What is the value of 4 + -12 - -7 - -1?
0
What is 13 + (9 - 25) + -3?
-6
-1 + 7 + 59 + -68
-3
What is the value of (-2 - -10 - 6) + 5 + -2?
5
What is -1 - (3 - (3 + -7 - -7))?
-1
2 + -7 + -2 - -2 - -5
0
((3 - 3) + 3 - 2) + -1
0
What is the value of 5 + (-7 - (-4 + (-3 - -3)))?
2
What is 1 - (1 + 3 - 7)?
4
What is -2 + (3 - (6 + -2 - -2))?
-5
What is the value of (3 - 1) + 3 + -1?
4
What is 1 - (-4 + -3 - -4 - -7)?
-3
Calculate 2 + -1 + -7 + 6.
0
What is the value of (-1 + 3 - 3 - 0) + -3?
-4
What is the value of -6 + (-5 - -16) + -13?
-8
What is (68 - 70) + 5 + 0 + 0?
3
Calculate 21 - 18 - (1 - -1).
1
What is the value of (3 - (-3 - -4)) + -5 + 5?
2
What is the value of 2 - (2 + (-1 - 1))?
2
Evaluate -8 + 3 + 8 - (1 + -3).
5
Calculate -5 + (-2 + 0 - (12 + -14)).
-5
1 - 4 - (0 + -8 - -8)
-3
What is the value of (1 - 2) + -4 - -1 - -1?
-3
Calculate -1 + 4 + 5 + (4 - 14).
-2
What is the value of -8 - (0 - (11 + -3))?
0
What is 1 - (3 - (4 + -5))?
-3
(8 + -14 - -10) + -11
-7
What is the value of -3 - (-83 + 82 - (1 + 0))?
-1
What is 0 - ((-13 - -2) + 5)?
6
Evaluate 0 - (-2 - 6) - 7.
1
(-4 - -4) + -4 - -4
0
Evaluate -4 + 12 - (-1 + -2 + 6).
5
What is the value of -3 + 4 + (3 - -3) + 0?
7
8 - 3 - (-1 - -3)
3
-11 + 1 + 16 - (1 - 1)
6
What is -13 - (4 - (-4 + 20))?
-1
What is the value of 4 + (-17 - -15 - (1 - 4))?
5
-18 + 19 - (2 + 1)
-2
Evaluate -2 + 7 + -7 + 4.
2
Evaluate -4 + -3 - (5 - 10).
-2
What is -5 + (2 - 1 - (-6 - -6))?
-4
What is the value of 8 + 6 + -9 - 0?
5
Evaluate -2 - -4 - -2 - 1 - -2.
5
(6 + -3 + 3 - 13) + 0
-7
What is the value of 8 - (3 - -1) - 4?
0
-7 + 8 + -3 + -1 - 3
-6
Evaluate (-6 - -6) + 3 - 9.
-6
Calculate 10 + 6 - 8 - 10.
-2
What is the value of (1 - (1 - 1)) + 1?
2
Evaluate 3 + (-3 + 10 - 1) + -11.
-2
(0 - 2) + -10 + 7
-5
Calculate 6 + (5 - 7) - -2 - 7.
-1
What is 1 - (-12 + 19 + -9)?
3
Calculate 33 - 36 - (0 + -2).
-1
Evaluate -2 + 5 - (-3 - -11).
-5
Evaluate 1 + -2 + (2 - 2) - 1.
-2
-1 - (4 + (-8 - (7 + -5)))
5
What is the value of -4 + 3 - (0 + -4)?
3
-1 + 6 + (2 - 5)
2
-10 + (12 + -24 - -15)
-7
1 + -1 + (-7 - -10)
3
What is 6 + -10 - (-5 - (-4 + 6))?
3
Calculate 3 - (2 - (-2 